t is the thousands digit of b?
8
Let k(y) = 3*y**2 - 17*y + 10. Let u be k(5). Suppose u = -3*w + g + 528, 5*g - 6*g - 176 = -w. What is the hundreds digit of w?
1
Let k be ((-2)/18)/((-28)/9 + 3). What is the hundreds digit of 133558/(-172)*(-1 - k)?
5
Suppose 260320 = 22*v - 236528. What is the tens digit of v?
8
Let v = 171 + -169. Suppose -v*s + s = -383. What is the hundreds digit of s?
3
Let m = -7723 + 11845. What is the units digit of m?
2
Let y be 8 + 44/36 + 6/(-27). Suppose g = -3*r + 1645, -y*r - 1666 = -g - 5*r. What is the tens digit of g?
5
Let i = 325 + -308. Suppose -i*t + 10*t + 3164 = 0. What is the units digit of t?
2
Suppose 2785527 + 561749 = 114*w + 902888. What is the units digit of w?
2
Suppose -6*m + 91 - 73 = 0. Suppose 0 = -m*n + 13*n - 1940. What is the units digit of n?
4
Let n = -18175 + 30057. What is the units digit of n?
2
Suppose -691*m + 687*m = -2683 - 19045. What is the units digit of m?
2
Suppose 19*m = 18*m + 25. Suppose 2*o = -3*o + m. Suppose 0 = o*u - 20 - 115. What is the units digit of u?
7
Let m(j) = -10. Let c(g) = -2*g. Let k(i) = c(i) + m(i). Let t be k(-6). Suppose t*x - b - b - 74 = 0, -5*x = 3*b - 209. What is the units digit of x?
0
Let b(w) = -22*w**3 + 7*w**2 - 3*w - 53. What is the thousands digit of b(-11)?
0
What is the ten thousands digit of ((-30)/21)/5 - 10107545/(-245)?
4
Let t be (-2)/7 + (-5828)/(-14). Let r be ((-72)/144)/(1/(-10)). Suppose 3*m - t = r*i, 4*i = -m + 198 - 48. What is the units digit of m?
2
Suppose 355254 + 2254934 = 1035*y - 962*y. What is the tens digit of y?
5
Let w(g) = -116*g + 538. What is the units digit of w(-38)?
6
Suppose 0 = -5*p + 2*t + 32845, -8*p - 8*t + 52583 = -5*t. What is the units digit of p?
1
Let r(y) = -y**2 + 23*y - 47. Let p be r(24). Let j = 14 - p. Let m = 160 - j. What is the units digit of m?
5
Suppose -120 = -9*v - 66. What is the tens digit of v*(-4 + 6174/27)?
4
Let t(s) = 249*s**2 + 3*s - 10. What is the hundreds digit of t(-3)?
2
Let d(b) = -b**3 - 4*b**2 + 4*b + 10. Let g be d(-4). Let x be (-18590)/(-15)*g/2. What is the tens digit of x/(-33) - (-6)/(-9)?
1
Let o(u) = 12 + 0 - u + 2*u**2 + 3*u - u. Let b be o(0). Suppose 10 = l - 4*z, -4*l + 5*z + 28 = -b. What is the tens digit of l?
1
Let v(b) = 334*b**2 + 3*b - 137. What is the thousands digit of v(-11)?
0
Let n(i) = -61*i**3 + 9*i**2 + 11*i + 4. What is the thousands digit of n(-5)?
7
Suppose -u + 4*u - 57 = -4*z, -5*u - 65 = -4*z. Let g = -13 + z. Suppose -l + 3*d = -g*l + 191, 5*d = 5*l - 895. What is the units digit of l?
2
Suppose -7950096 = 580*f - 724*f. What is the ten thousands digit of f?
5
Let g = 1477 + -1012. Let k = 734 - g. What is the hundreds digit of k?
2
Suppose -t - 3*k = -66931, -41966 = -t + 9*k + 24941. What is the thousands digit of t?
6
Suppose 2*c - 17 = -2*d - 45, 2*d = 2*c + 12. Let u = 27 - c. Let x = u + -13. What is the tens digit of x?
2
Let d(u) be the second derivative of 21*u**4/2 + 11*u**3/6 + 7*u**2/2 - 16*u. What is the units digit of d(3)?
4
Let a(b) be the first derivative of -b**4/4 - 43*b**3/3 - 57*b**2/2 - 84*b + 135. What is the tens digit of a(-42)?
4
What is the hundreds digit of (-6 - 7719/3)/(10/(-30))?
7
What is the hundreds digit of 3 + (-196)/343 + 24/(-7) + 60339?
3
Let b(f) = -f**2 - f + 9. Let m = -44 - -48. Let g be b(m). Let r = -10 - g. What is the units digit of r?
1
Let p(h) = h**2 + 11*h - 9. Let i be p(-12). Suppose r = i*c - 5*c + 12, 3*r - 2*c - 12 = 0. Suppose -r*q - 28 = -10*q. What is the units digit of q?
7
Suppose 3*m - m - 70 = 0. Let f = 4587 + -4509. Let v = f - m. What is the tens digit of v?
4
Let n(i) = -2*i**3 + 21*i**2 + 9*i + 23. Let r be n(11). What is the hundreds digit of (r - (-2290)/18) + 6/(-27)?
1
Suppose -o = 2*o + 42. Let q(y) = -y**2 - 15*y - 14. Let m be q(o). Suppose 3*k - 126 = -3*d, k - 4*k - 2*d + 124 = m. What is the units digit of k?
0
Let o = -59 + 63. Suppose -o*w + 24 = -w. Suppose q = -w*q + 1116. What is the units digit of q?
4
Let c = 182 - 179. Suppose -11*k - 3*n = -14*k + 1467, 4*n + 1465 = c*k. What is the hundreds digit of k?
4
Suppose -23540 = 20*n - 21*n - 5*w, -4*w - 70544 = -3*n. Suppose -n = -27*z - z. What is the hundreds digit of z?
8
Suppose 27*f - 397428 = -94*f + 1204128. What is the thousands digit of f?
3
Let r(d) = 793*d - 478. What is the ten thousands digit of r(43)?
3
What is the tens digit of (595/(-25))/(2/(-50))?
9
Suppose 5335*g + 238978 + 246920 = 5404*g. What is the thousands digit of g?
7
Let f(w) = 180*w**2 - 4*w - 4. Let c be f(4). Suppose 3*q - 15 = 0, 18*s - q = 13*s + c. What is the tens digit of s?
7
Let i(q) = -q**3 + 117*q**2 + 195*q + 10. What is the thousands digit of i(114)?
1
Suppose -l - 2 = 0, 2 - 78 = -4*s + 4*l. Let t(r) = -r**3 + 18*r**2 - 17*r - 3. Let k be t(s). What is the hundreds digit of k/7*-307 - (-6)/14?
1
Suppose 434 = 4*t + 3*u - 6*u, 327 = 3*t - 3*u. Let r = t - 129. Let s(w) = -w**2 - 32*w + 19. What is the tens digit of s(r)?
3
Let l(v) = -26*v - 5. Let k be l(-1). Suppose -9701 = k*p - 26123. What is the hundreds digit of p?
7
Let h = -29 + 42. Suppose -2*v - 3*c + 83 = 0, 3*c + 175 - h = 3*v. Let b = 72 - v. What is the units digit of b?
3
Let i(u) = -3*u - 14. Let h be i(-13). What is the units digit of 15/h*(5 + 0) - -216?
9
Suppose 44 = 6*w - 46. Suppose -w = g - 35. What is the units digit of (2/3)/(g/60)?
2
Let v(b) = 8*b**2 - 2*b - 26. Let x be v(-8). Let j = x + -410. What is the units digit of j?
2
Suppose -513 = -3*x - 510. Let p(j) = -6*j + 10. Let s(t) = 1. Let f(n) = -p(n) + 8*s(n). What is the units digit of f(x)?
4
Suppose -298*i + 26005177 - 2607111 = 0. What is the units digit of i?
7
Let i(v) = -4*v + 5. Let n be i(0). Let x be ((-168)/(-70))/(1/n). Suppose 0 = -r + x + 31. What is the tens digit of r?
4
Suppose -8*p + 18*p = 0. What is the hundreds digit of 313 + p + (-4 - -7)?
3
Let j(m) = 38 + 17*m - m + 4*m + 3*m**2. What is the tens digit of j(-10)?
3
Let b = 48 - 42. Suppose -b*z + 128 = -14*z. What is the units digit of z*(-2 + 0)*3/6?
6
Let u = 154 - 134. What is the tens digit of 5/u + (-1075)/(-4)?
6
Let p be (5 + -20)*4/(-20). Suppose 4*b = -5*i + 1499, i + 368 = 4*b - p*b. What is the units digit of b?
1
Let d be (-6)/51 - (-25810)/34. Suppose d = 3*b - p - 2482, 5413 = 5*b + 4*p. What is the units digit of b?
1
Suppose -185*z + 164*z + 681954 = 0. What is the thousands digit of z?
2
Let y = -610 - -608. Let b = -12 - -17. What is the tens digit of (10/b - 32)/y?
1
Let q(o) = o**3 - 41*o**2 - 595*o - 50. What is the tens digit of q(66)?
8
Let i(p) = -37*p + 105*p + 6 + 6 - 4. Let y be i(-4). Let c = y - -411. What is the hundreds digit of c?
1
Suppose 58*t - 42339 - 13025 - 74962 = 0. What is the hundreds digit of t?
2
Let r be 10664/(-88) - (-2)/11. Let j = -12 - r. What is the units digit of j?
9
What is the tens digit of -1 + (-8 - 3/(12/(-11884)))?
6
Let v be (-7 - 0/(-4))*-1. Suppose -36 = -v*t + 4*t. What is the units digit of (t - 15) + (65 - 0)?
2
Let m = 129 + -141. What is the hundreds digit of 2 - (-927)/6*(-16)/m?
2
Suppose 238 = -2*z + 4*z. Suppose -5*q + z = x - 6*q, 0 = -3*x - 3*q + 339. What is the tens digit of x?
1
Let x = 52 - 47. Suppose -3*h = -4*s + 17 + 625, -x*s = 5*h - 820. Suppose -t + 4*k + 58 = 0, -7*t + 3*t + s = -2*k. What is the units digit of t?
8
Let b = -589 + 601. Suppose 3307 + 5237 = b*x. What is the tens digit of x?
1
Let s = -2527 + 4484. What is the units digit of s - (-6 + -3 - -11)?
5
Suppose b + 11*b = 336. Let s = 3 + 19. Let d = b + s. What is the tens digit of d?
5
Suppose 28 - 30 = 2*f. Let g be (36 - f)/(-3 - -4). Suppose -3*z = -2*i - 504, -2*z + i + g = -298. What is the tens digit of z?
6
Let w = 151 - 143. Suppose -14*h + w*h + 1314 = 0. What is the tens digit of h?
1
Suppose 3*f + 2*f + 5 = 2*v, -4*f = -3*v + 4. Suppose v = -0*w - 4*w. Suppose -o + 48 + 23 = w. What is the tens digit of o?
7
Suppose -124 + 3716 = 4*a. Suppose -w = q - 901, q - a = 3*w - 5. What is the tens digit of q?
9
Let s(u) be the third derivative of u**5/12 - 3*u**4/8 - 32*u**3/3 - 4*u**2 + 9*u. What is the hundreds digit of s(10)?
3
Let r be (21/14)/((-9)/6) - -8585. Suppose 23*x - r = -6*x. What is the tens digit of x?
9
Let f(q) = -3*q + 37. Let t be f(11).